{"id":566,"date":"2025-10-13T14:35:39","date_gmt":"2025-10-13T17:35:39","guid":{"rendered":"https:\/\/gpesupe.org\/?post_type=_projetos&#038;p=566"},"modified":"2025-10-13T18:06:33","modified_gmt":"2025-10-13T21:06:33","slug":"projeto-susativo","status":"publish","type":"_projetos","link":"https:\/\/gpesupe.org\/en\/_projetos\/projeto-susativo\/","title":{"rendered":"Projeto SUS+ATIVO"},"content":{"rendered":"<p>A promo\u00e7\u00e3o da atividade f\u00edsica vem ocupando um lugar de destaque nas pol\u00edticas p\u00fablicas de aten\u00e7\u00e3o \u00e0 sa\u00fade, tanto no cen\u00e1rio nacional quanto no mundial.<\/p>\n\n\n\n<p><\/p>\n\n    <div class=\"xs_social_share_widget xs_share_url after_content \t\tmain_content  wslu-style-1 wslu-share-box-shaped wslu-fill-colored wslu-none wslu-share-horizontal wslu-theme-font-no wslu-main_content\">\n\n\t\t\n        <ul>\n\t\t\t        <\/ul>\n    <\/div>","protected":false},"template":"","class_list":["post-566","_projetos","type-_projetos","status-publish","hentry"],"_links":{"self":[{"href":"https:\/\/gpesupe.org\/en\/wp-json\/wp\/v2\/_projetos\/566","targetHints":{"allow":["GET"]}}],"collection":[{"href":"https:\/\/gpesupe.org\/en\/wp-json\/wp\/v2\/_projetos"}],"about":[{"href":"https:\/\/gpesupe.org\/en\/wp-json\/wp\/v2\/types\/_projetos"}],"wp:attachment":[{"href":"https:\/\/gpesupe.org\/en\/wp-json\/wp\/v2\/media?parent=566"}],"curies":[{"name":"wp","href":"https:\/\/api.w.org\/{rel}","templated":true}]}}

<p>A promoção da atividade física vem ocupando um lugar de destaque nas políticas públicas de atenção à saúde, tanto no cenário nacional quanto no mundial.</p>



<p></p>

    <div class="xs_social_share_widget xs_share_url after_content 		main_content  wslu-style-1 wslu-share-box-shaped wslu-fill-colored wslu-none wslu-share-horizontal wslu-theme-font-no wslu-main_content">

		
        <ul>
			        </ul>
    </div>
